uppose -3*l - 24 = -6. Give p(l).
-2
Let g(r) = r + 2. Let d(f) = f**2 - 3*f + 24. Let n be (1/(-3 + 2 - -2))/1. Let w(y) = n*d(y) - 6*g(y). Calculate w(7).
-2
Suppose 5 = w - k, -w - 3*k - 23 = -20. Let y(q) = -9*q + 1. Let g(r) = -8*r + 1. Let i(n) = w*y(n) - 4*g(n). Give i(1).
4
Let l(o) = o**2 + 5*o + 7. Suppose -u = 5*u - 54. Suppose -p = -4*w + 25, -w - 3*p = u + 1. Suppose 19 = -w*r - 6. Calculate l(r).
7
Let d = 8635 - 8632. Let o(x) = 33*x - 21. Give o(d).
78
Let g(m) = 3*m**2 - 4*m + 2. Let z(t) = 32*t**2 - 35*t + 27. Let l(b) = -11*g(b) + z(b). Let d = -4 - -14. Give l(d).
-5
Let y(h) = 3*h**2 - 3*h + 13. Let r(d) = -6*d**2 - 12*d + 12. Let a be r(1). What is y(a)?
139
Suppose 110 + 197 = 80*z - 653. Let j(t) = -t**2 + 13*t - 18. What is j(z)?
-6
Suppose 347 = -102*c + 41. Let m(q) be the second derivative of q**3/6 + q**2 - 19*q. Determine m(c).
-1
Let t(r) be the second derivative of 0*r**3 + 0 - 1/2*r**2 - 43*r + 1/12*r**4. Calculate t(-1).
0
Let i(r) = -r**2 + 4. Let y be i(2). Suppose 3*q - 3*c = 9, y*c + 13 = 4*q - 5*c. Let x(s) = -4 + 10 - q*s - 5 + s**2 + 7*s. Calculate x(-5).
1
Let h(q) = 44*q**2 - 8*q - 5. Let x(a) = -133*a**2 + 23*a + 14. Let y(v) = 17*h(v) + 6*x(v). Let i be (-5 + 2 + -5 + 7)*2/(-2). Calculate y(i).
-49
Let j(z) = z**2 + 47*z + 424. Let t be j(-35). Let p(y) = -y - 7 + 0*y + y + 2*y. Give p(t).
1
Let j(c) = 39 + 1460*c + 36 + 31 - 1457*c. Calculate j(-36).
-2
Let y(q) be the first derivative of 7*q**2/2 - 4*q - 3400. Give y(0).
-4
Let o(g) = -8*g**2 - 298792*g**3 + 298791*g**3 - 52 + 45. Suppose 2 = -5*b + 2*m - 28, 2*b + 21 = -m. Calculate o(b).
-7
Let l(x) = -22. Let a(v) = -2. Let h(d) = -6*a(d) + l(d). Let q(u) = u - 11. Suppose o = -3*o + 12. Let g(n) = o*h(n) - 2*q(n). Give g(-6).
4
Let y(s) = -s**2 + 20*s - 96. Suppose 4*v = -18*b + 19*b - 35, 5*b = -2*v + 43. Give y(b).
3
Suppose -9*g + 32 = -13*g - t, 5*t = 0. Let o(n) = -6*n**2 - 48*n - 3. Calculate o(g).
-3
Let i(z) be the second derivative of 13*z**3/6 - 35*z**2/2 + 8*z + 95. What is i(3)?
4
Let a(j) = -j**3 + 2*j**2 + 4*j. Let i(c) = -3*c**3 + 7*c**2 + 11*c - 1. Let d(y) = -8*a(y) + 3*i(y). Let x = -46198 + 46203. Calculate d(x).
2
Let y(w) = w**3 + 7*w**2 - 7*w + 10. Let t = 142 + -139. Let p be (12/30)/(t/(-60)). Determine y(p).
2
Let s = -14471/12 - -1206. Let a(y) be the second derivative of 5/2*y**2 + 0 - 7/6*y**3 + s*y**4 - 10*y. Calculate a(6).
-1
Let n(v) = v**2 + 2*v + 1. Suppose 4*x - 2*x = 8, 5*x = 5*q - 195. Let b = -39 + q. Suppose -3*u - 1 = -5*h - 6, h + 1 = -b*u. Give n(h).
0
Let j(b) = -77*b - 3012. Let o be j(-39). Let q(t) = -8*t - 13. Give q(o).
59
Let m(z) = 814*z - 4064. Let d be m(5). Let i(q) be the first derivative of 3/2*q**2 - 1/3*q**3 - 2 + 7*q. Determine i(d).
-11
Let t(d) = 4*d**2 - 7. Suppose -c + 3*c = -10. Let q(y) = -5 + 3*y**2 + 1 + y + 3 - 2*y**2. Let o(j) = c*q(j) + t(j). Give o(-3).
4
Let m(l) = -3. Let h(f) = -f - 1. Let k(c) = -4*h(c) + 3*m(c). Let t(q) = q**3 + 8*q**2 + 9*q + 1. Let y be t(-6). Let o = y + -14. Calculate k(o).
15
Let v be (-32 + 6)/(1/6). Let h = -164 - v. Let p(m) = -m**2 - 7*m + 6. Calculate p(h).
-2
Suppose a + 2 = 2*a. Suppose 7*b - a*b = 40. Let r(g) = -2*g**3 + g**3 - 10 - 308989*g**2 + g + 308997*g**2. Determine r(b).
-2
Let n(s) = -7*s - 18. Let k(m) = -m**2 + 86*m - 1016. Let u be k(72). What is n(u)?
38
Let y(d) = 68 - 218 - d**3 + 4*d + 75 + 80 - 2*d**2. Let b be (-39)/13*(-4)/(-3). Calculate y(b).
21
Suppose -194*o - 16 - 22 = -38. Let s(w) = w**2 - 7*w + 16. Give s(o).
16
Suppose 3*j - 8 + 2 = 0. Let u(p) = p**j + 359*p - 3 - 359*p. Let a(d) = 4*d - 1. Let t be a(1). Calculate u(t).
6
Let r(l) be the second derivative of 0*l**2 + 7/6*l**3 + 0 - 117*l. Determine r(-4).
-28
Let q(l) = -4*l + 2*l**3 + 5*l - l**3 + 31. Let a(c) = 8*c + 244. Let d be a(-26). Suppose -d*i + 34*i = 0. Determine q(i).
31
Suppose 14*u + 58*u - 153 + 9 = 0. Let a(x) = -x**3 + 3*x**2 - 7*x + 13. Calculate a(u).
3
Let o(j) = -2*j**2 - 31*j + 40. Suppose 4*z + 58 = -2*m, 49*m - 5*z = 44*m - 55. What is o(m)?
-11
Suppose -6*h = -4*h - 2. Let w be (-7)/(-14)*(-1 + h). Let b be (-2)/6*w/(-2). Let p(v) = -v**3 - v + 3. Give p(b).
3
Let w(n) be the first derivative of -110 - 3*n - 2/3*n**3 + 3/2*n**2. Give w(4).
-23
Let n(t) = -5*t - 4. Let f = 196 + -196. Suppose 16*j - 29*j - 78 = f. Calculate n(j).
26
Let r(p) = -p - 2. Let d(y) = -4*y - 10. Let o(w) = d(w) - 3*r(w). Give o(-13).
9
Let l(u) = u - 10. Suppose 1298 = 102*v + 176. Calculate l(v).
1
Let w(a) = -a**3 + 5*a**2 - 7. Suppose -5*b + 6*b + 12 = 5*z, -2*b + 5*z = 14. Let c = 1 + 0. Let o be c + 2 + b/(-1). Determine w(o).
-7
Let u be ((-104)/12)/(2/(-3)). Let x = -152 + 169. Let b = u - x. Let s(l) = -l**3 - 4*l**2 - 2*l - 5. Give s(b).
3
Let l(v) be the second derivative of 163*v + 1/6*v**3 + 0 + 9*v**2. What is l(0)?
18
Suppose 4*m = -2*u + 154, -7*m + 4*m + 115 = 2*u. Let p = m + -44. Let v(w) = w**2 + 3 + 4 + 5*w + 0. Calculate v(p).
7
Suppose -3*x = -2*i - 0*i - 4, -i + x = 0. Suppose -2*h - 106 = -i*h. Let b(n) = h + 2*n**2 - 53. Determine b(-3).
18
Let s(i) = -i**2 - 18*i - 10. Let p be s(-17). Let t(o) = o**2 + 5*o**3 + 1 + 3*o**3 - p*o**3 - o. Determine t(-3).
-14
Let l(c) = c**2 - c + 1. Suppose -7*s - 18*s + 1100 = 0. Let k = s + -40. Give l(k).
13
Let z(n) = n + 22. Let d(h) = h + 18. Let y(k) = -6*d(k) + 5*z(k). Suppose -4*f = p + 5 + 7, 4*p + 18 = -f. Calculate y(f).
4
Let x(l) = -l - 8. Let j be (8/6)/(4 - 138/36). Let b(q) = 2*q**2 - 15*q - 8. Let d be b(j). What is x(d)?
-8
Let p(f) = -f**3 - 4*f**2 - 2. Let k = -88 + 121. Let q = k - 28. Suppose 0 = -4*y + q*y + 4. What is p(y)?
-2
Let v(j) = -6 + 9 - 13 + j**2 + 76*j + 4 - 6*j**2. What is v(15)?
9
Let h(a) = 2*a**2 - 8*a - 28. Suppose 0 = c - j, 5*j - 9 + 36 = -4*c. Determine h(c).
14
Let g(n) = 32*n - 57. Let a(s) = 29*s + 2003. Let k be a(-69). Give g(k).
7
Let r(a) = -a - 2. Let i = 21 - 84. Let y = 61 + i. Let l be r(y). Let n(h) = -h**2 - h - 4. Give n(l).
-4
Let d(x) = -2 + 3 - 4 + x + 2. Let p be (0 + -1)/(9/108). Let v(k) = k**2 + 10*k - 27. Let t be v(p). Calculate d(t).
-4
Let l(k) = 2*k + 12. Let q be -3*((-3)/(-7) - (-195)/(-63)). Let u be q/12 + (-352)/33. Give l(u).
-8
Let a(k) be the first derivative of 22*k**2 - 8 + 0*k + 5/6*k**3 - 1/12*k**4 - 1/60*k**5. Let i(b) be the second derivative of a(b). Give i(4).
-19
Let t = -4592 - -13777/3. Let b(y) be the second derivative of 3*y**2 + 0 + 18*y + t*y**3. Determine b(5).
16
Let d(q) be the third derivative of -q**5/60 + q**4 - 23*q**3/3 - 6815*q**2. Calculate d(23).
-23
Let o = 969 - 499. Let v(p) = 11*p**2 - 455 + 915 - p**3 - o - 10*p. What is v(10)?
-10
Let u be (1/1)/(1/2). Let r(f) = 5 - f + 0*f - u*f - f**2. Suppose 2*d = -27*o + 26*o - 5, -o = -3*d - 20. What is r(d)?
-5
Let l(g) = g**3 + 21*g**2 - 3*g - 15. Let v be l(-21). Let o be (-24)/56 - v/(-14). Let i(b) = b + b**2 + b**2 + 2*b**o + 2*b**2 - b**3. What is i(-4)?
-4
Let f(v) be the second derivative of 0*v**2 - 1/6*v**3 - v + 3/4*v**4 + 1. What is f(1)?
8
Let p(s) be the third derivative of s**4/2 + 7*s**2 + s. Suppose 0 = 3*a - k + 8, 7 = 5*k - 3. Give p(a).
-24
Suppose 6*p - 2*p + 68 = 0. Let f(z) = -z**3 - 16*z**2 + 17*z + 3. Let u be f(p). Let d(q) = u*q - 4*q - 12 + 22 - 12. Give d(3).
-5
Let z(l) = -4*l**2 + l + 1. Suppose -y - 5*v = -13, -5 = -y - 7*v + 6*v. Let i(u) = 1. Let a(t) = y*i(t) - z(t). Determine a(2).
16
Suppose -5*y + 5*t = 14 + 61, 2*y + 5*t + 37 = 0. Let s(f) = -f**3 - 13*f**2 + 50*f + 35. Determine s(y).
3
Let r(a) = -8*a**2 - 218*a - 15. Let o(c) = 3*c**2 + 79*c + 5. Let d(g) = 11*o(g) + 4*r(g). Calculate d(-2).
5
Let q = -6 + 10. Let k = 75 - 51. Let v(x) = 8*x + 9*x + 1 + 5*x - k*x. Calculate v(q).
-7
Let l = 469 - 783. Let j = -322 - l. Let t(r) = -2*r - 15. Calculate t(j).
1
Let f(z) be the second derivative of -7*z**5/120 - z**4/8 - 47*z**3/2 - 15*z - 2. Let q(x) be the second derivative of f(x). Determine q(-4).
25
Let z(j) = -9*j - 445. Let a = -12983 - -12934. Give z(a).
-4
Suppose 5*v = 7*v - 32. Let b(z) = v + z + 6 + 5 - 31. Give b(3).
-1
Suppose -2*k = v + 9, -6*k + 5*k + 1 = 0. Let w(q) = -q**3 - 10*q**2 + 14*q + 25. Calculate w(v).
-8
Suppose 15*k - 3*m = 14*k + 13, -4*k + m + 52 = 0. Let o(z) be the first deri